{"id":21,"date":"2019-01-28T10:20:46","date_gmt":"2019-01-28T09:20:46","guid":{"rendered":"http:\/\/bra-annecy.fr\/?page_id=21"},"modified":"2022-10-25T08:54:43","modified_gmt":"2022-10-25T06:54:43","slug":"telechargement","status":"publish","type":"page","link":"https:\/\/bra-annecy.fr\/index.php\/telechargement\/","title":{"rendered":"TELECHARGEMENTS"},"content":{"rendered":"<p style=\"text-align: left;\">Dans le cadre de la loi sur la transparence des liens entre les professionnels de sant\u00e9 et l&rsquo;entreprise, et conform\u00e9ment aux articles L.1453-1 et L.1453-2 du Code de la Sant\u00e9 Publique, les conventions et les avantages, dont le montant est sup\u00e9rieur ou \u00e9gal \u00e0 10 euros, allou\u00e9s aux professionnels de sant\u00e9 sont publi\u00e9s sur la plateforme de d\u00e9claration Transparence Sant\u00e9 g\u00e9r\u00e9e par le minist\u00e8re charg\u00e9 de la sant\u00e9.<\/p>\n<p>&nbsp;<\/p>\n","protected":false},"excerpt":{"rendered":"<p>Dans le cadre de la loi sur la transparence des liens entre les professionnels de sant\u00e9 et l&rsquo;entreprise, et conform\u00e9ment aux articles L.1453-1 et L.1453-2 du Code de la Sant\u00e9 <a class=\"more-link\" href=\"https:\/\/bra-annecy.fr\/index.php\/telechargement\/\">Continue Reading \u2192<\/a><\/p>\n","protected":false},"author":1,"featured_media":0,"parent":0,"menu_order":0,"comment_status":"closed","ping_status":"closed","template":"","meta":{"footnotes":""},"class_list":["post-21","page","type-page","status-publish","hentry"],"_links":{"self":[{"href":"https:\/\/bra-annecy.fr\/index.php\/wp-json\/wp\/v2\/pages\/21","targetHints":{"allow":["GET"]}}],"collection":[{"href":"https:\/\/bra-annecy.fr\/index.php\/wp-json\/wp\/v2\/pages"}],"about":[{"href":"https:\/\/bra-annecy.fr\/index.php\/wp-json\/wp\/v2\/types\/page"}],"author":[{"embeddable":true,"href":"https:\/\/bra-annecy.fr\/index.php\/wp-json\/wp\/v2\/users\/1"}],"replies":[{"embeddable":true,"href":"https:\/\/bra-annecy.fr\/index.php\/wp-json\/wp\/v2\/comments?post=21"}],"version-history":[{"count":51,"href":"https:\/\/bra-annecy.fr\/index.php\/wp-json\/wp\/v2\/pages\/21\/revisions"}],"predecessor-version":[{"id":176,"href":"https:\/\/bra-annecy.fr\/index.php\/wp-json\/wp\/v2\/pages\/21\/revisions\/176"}],"wp:attachment":[{"href":"https:\/\/bra-annecy.fr\/index.php\/wp-json\/wp\/v2\/media?parent=21"}],"curies":[{"name":"wp","href":"https:\/\/api.w.org\/{rel}","templated":true}]}}